2419932?
4
What is the hundreds digit of 101074?
0
What is the units digit of 1786320?
0
What is the hundred thousands digit of 28955592?
9
What is the tens digit of 800681?
8
What is the hundreds digit of 325924?
9
What is the hundreds digit of 4992230?
2
What is the units digit of 6103116?
6
What is the hundreds digit of 2553874?
8
What is the thousands digit of 71600?
1
What is the hundred thousands digit of 13604215?
6
What is the hundreds digit of 170779?
7
What is the hundreds digit of 9182353?
3
What is the tens digit of 4268306?
0
What is the ten millions digit of 10337873?
1
What is the millions digit of 9005074?
9
What is the tens digit of 163394?
9
What is the units digit of 715515?
5
What is the ten thousands digit of 12567971?
6
What is the thousands digit of 2251646?
1
What is the ten thousands digit of 1609722?
0
What is the units digit of 204878?
8
What is the hundreds digit of 3829472?
4
What is the hundred thousands digit of 102650?
1
What is the tens digit of 356063?
6
What is the hundred thousands digit of 577107?
5
What is the thousands digit of 5054213?
4
What is the thousands digit of 237885?
7
What is the hundreds digit of 21215769?
7
What is the units digit of 1924503?
3
What is the units digit of 1075789?
9
What is the hundreds digit of 306488?
4
What is the units digit of 7977249?
9
What is the thousands digit of 1013308?
3
What is the ten thousands digit of 103786?
0
What is the millions digit of 6340526?
6
What is the tens digit of 719598?
9
What is the tens digit of 22401760?
6
What is the units digit of 527684?
4
What is the thousands digit of 3065891?
5
What is the thousands digit of 175876?
5
What is the hundreds digit of 6299258?
2
What is the hundred thousands digit of 3840169?
8
What is the hundred thousands digit of 5209201?
2
What is the tens digit of 272158?
5
What is the tens digit of 2447786?
8
What is the thousands digit of 1311235?
1
What is the hundreds digit of 3234728?
7
What is the thousands digit of 4007737?
7
What is the hundreds digit of 214252?
2
What is the hundreds digit of 895222?
2
What is the ten thousands digit of 722282?
2
What is the hundred thousands digit of 2754875?
7
What is the ten thousands digit of 13889447?
8
What is the ten thousands digit of 3327731?
2
What is the millions digit of 2526928?
2
What is the units digit of 313994?
4
What is the ten thousands digit of 275258?
7
What is the millions digit of 5460017?
5
What is the ten thousands digit of 639056?
3
What is the tens digit of 53327?
2
What is the thousands digit of 302742?
2
What is the ten thousands digit of 2869153?
6
What is the units digit of 7065917?
7
What is the thousands digit of 852293?
2
What is the hundreds digit of 2519982?
9
What is the units digit of 99260?
0
What is the hundreds digit of 724845?
8
What is the hundred thousands digit of 499219?
4
What is the thousands digit of 2973978?
3
What is the ten thousands digit of 97398?
9
What is the thousands digit of 2061947?
1
What is the hundreds digit of 2227135?
1
What is the hundreds digit of 373911?
9
What is the tens digit of 319556?
5
What is the hundreds digit of 1424173?
1
What is the tens digit of 2557230?
3
What is the thousands digit of 244485?
4
What is the ten thousands digit of 52758?
5
What is the hundreds digit of 1006653?
6
What is the units digit of 472271?
1
What is the units digit of 600344?
4
What is the hundred thousands digit of 20529230?
5
What is the millions digit of 5643050?
5
What is the ten thousands digit of 219586?
1
What is the units digit of 239949?
9
What is the thousands digit of 5579127?
9
What is the hundred thousands digit of 2671477?
6
What is the thousands digit of 38072?
8
What is the tens digit of 172427?
2
What is the tens digit of 3474?
7
What is the hundreds digit of 533975?
9
What is the hundred thousands digit of 623780?
6
What is the hundreds digit of 7269691?
6
What is the millions digit of 6858306?
6
What is the hundred thousands digit of 440410?
4
What is the millions digit of 6699049?
6
What is the hundreds digit of 1309659?
6
What is the units digit of 2955000?
0
What is the tens digit of 328491?
9
What is the tens digit of 9721911?
1
What is the thousands digit of 2622126?
2
What is the tens digit of 239760?
6
What is the thousands digit of 6721657?
1
What is the ten thousands digit of 47436?
4
What is the millions digit of 7417224?
7
What is the hundred thousands digit of 1943724?
9
What is the tens digit of 7453801?
0
What is the units digit of 23474?
4
What is the units digit of 250659?
9
What is the thousands digit of 113511?
3
What is the thousands digit of 14332502?
2
What is the tens digit of 789676?
7
What is the millions digit of 1216294?
1
What is the hundreds digit of 1958765?
7
What is the hundreds digit of 1427297?
2
What is the units digit of 214890?
0
What is the units digit of 5837065?
5
What is the ten thousands digit of 144615?
4
What is the tens digit of 2200734?
3
What is the hundreds digit of 1531743?
7
What is the tens digit of 21264?
6
What is the hundred thousands digit of 364918?
3
What is the hundred thousands digit of 14720617?
7
What is the tens digit of 59446?
4
What is the millions digit of 7065040?
7
What is the units digit of 1632118?
8
What is the hundred thousands digit of 4929207?
9
What is the ten thousands digit of 232704?
3
What is the ten thousands digit of 428448?
2
What is the ten thousands digit of 969118?
6
What is the hundreds digit of 600513?
5
What is the hundreds digit of 43189?
1
What is the thousands digit of 7095869?
5
What is the units digit of 661674?
4
What is the ten thousands digit of 465934?
6
What is the ten thousands digit of 296330?
9
What is the units digit of 18134589?
9
What is the hundreds digit of 3070320?
3
What is the hundred thousands digit of 668280?
6
What is the ten thousands digit of 5886990?
8
What is the ten millions digit of 12063430?
1
What is the ten thousands digit of 1918049?
1
What is the thousands digit of 714207?
4
What is the hundreds digit of 12862698?
6
What is the ten thousands digit of 177718?
7
What is the ten thousands digit of 32981?
3
What is the hundreds digit of 84458?
4
What is the hundreds digit of 2605691?
6
What is the millions digit of 2614711?
2
What is the units digit of 7004118?
8
What is the units digit of 2792148?
8
What is the millions digit of 3443607?
3
What is the units digit of 998151?
1
What is the units digit of 1235248?
8
What is the thousands digit of 230495?
0
What is the hundreds digit of 590657?
6
What is the hundreds digit of 277906?
9
What is the thousands digit of 64999?
4
What is the hundred thousands digit of 1703045?
7
What is the tens digit of 835162?
6
What is the ten thousands digit of 136394?
3
What is the tens digit of 714444?
4
What is the ten millions digit of 15790791?
1
What is the hundreds digit of 15817333?
3
What is the hundred thousands digit of 2285643?
2
What is the hundreds digit of 665516?
5
What is the ten thousands digit of 3650409?
5
What is the hundred thousands digit of 1927396?
9
What is the tens digit of 3161319?
1
What is the tens digit of 1278328?
2
What is the tens digit of 389080?
8
What is the hundred thousands digit of 231733?
2
What is the ten millions digit of 13388977?
1
What is the tens digit of 26459482?
8
What is the ten thousands digit of 252310?
5
What is the units digit of 613416?
6
What is the hundreds digit of 8066101?
1
What is the ten millions digit of 27299336?
2
What is the thousands digit of 3438095?
8
What is the ten thousands digit of 1832790?
3
What is the hundred thousands digit of 8624630?
6
What is the thousands digit of 986788?
6
What is the tens digit of 8262636?
3
What is the ten thousands digit of 22961759?
6
What is the units digit of 557754?
4
What is the thousands digit of 73125?
3
What is the thousands digit of 821450?
1
What is the units digit of 48576?
6
What is the ten thousands digit of 8888895?
8
What is the hundred thousands digit of 6315053?
3
What is the hundred thousands digit of 3361263?
3
What is the tens digit of 558492?
9
What is the tens digit of 8816152?
5
What is the tens digit of 951153?
5
What is the tens digit of 1872660?
6
What is the ten thousands digit of 2331383?
3
What is the thousands digit of 135601